alculate the remainder when g(m) is divided by 21*8/(-12)*15/(-30).
5
Let l(i) = -59 + 4 + 7*i + 9*i + 2. What is the remainder when 174 is divided by l(7)?
56
Let x(d) = d**3 + 20*d**2 - 79*d. Calculate the remainder when 469 is divided by x(-23).
9
Let t(w) be the third derivative of -w**6/120 - 11*w**5/60 - w**4/12 - 2*w**3/3 - 183*w**2. Calculate the remainder when 148 is divided by t(-11).
4
Let a(o) be the first derivative of -8*o**2 - 30*o - 251. Calculate the remainder when a(-5) is divided by 36.
14
Let i(k) = -6*k**2 - 42*k + 81. Calculate the remainder when 1781 is divided by i(-8).
32
Let v = 147 + -102. Let c(q) = -9*q + 17. Let t(l) = 9*l - 16. Let r(j) = -4*c(j) - 3*t(j). What is the remainder when v is divided by r(4)?
13
Let s(q) = 89*q + 4697. What is the remainder when 277 is divided by s(-52)?
1
Let h = 107 - 107. Suppose h = -8*s + 1343 - 359. Suppose 4*c + 62 = 6*c. Calculate the remainder when s is divided by c.
30
Suppose 0*y + 808 = -2*y. Let q = 571 + y. Let x = -23 + q. What is the remainder when x is divided by 49?
46
Suppose 4*g + g + 110 = 0. Let q be g/77 + (-23)/(-7). Suppose q*w - 2 = 19. Calculate the remainder when 24 is divided by w.
3
Let c(k) = -18*k - 225. Let s be c(-12). Let u(n) be the third derivative of n**4/12 + 23*n**3/6 - n**2. Calculate the remainder when u(s) is divided by 2.
1
Suppose -m + 233 = 5*c, -4595*c - 3*m = -4592*c - 159. Let f(j) = j**3 + 4*j**2 + j + 4. Calculate the remainder when c is divided by f(-3).
5
Let z(l) = l**3 + 25*l**2 + 4*l + 27. Let m be z(-26). What is the remainder when 2*4/(-32) + m/(-4) is divided by 48?
44
Let t = 202 - 126. What is the remainder when t is divided by ((-18)/(-8))/(-13 + (-7707)/(-588))?
13
What is the remainder when ((390/4)/((-48)/16))/((-15)/120) is divided by 46?
30
Suppose 4*f + 26 = 2*a + 32, 5*f + 31 = -3*a. What is the remainder when -5 - (28/a + -42) is divided by 23?
18
Suppose 21*g = 19*g + 84. Suppose 3*q - 3*v = -q + 60, -4*v = q - 15. Calculate the remainder when g + 5 + -4 + 1 is divided by q.
14
Suppose -4*g + 108 = 4*m, -m + 20 + 28 = 4*g. What is the remainder when 30357 is divided by m?
17
Suppose 0 = -3*p, -2*t = t - 4*p. Let q be -2 + (0 - -4) - (t - 48). Suppose 0 = -2*h - 2, 5*h + q = 3*g. Calculate the remainder when 27 is divided by g.
12
Suppose -v - 40 = -5*v. Let x be 124/12*3 + -3. Let d = 67 - x. Calculate the remainder when d is divided by v.
9
Let w(m) = -590*m - 2921. Calculate the remainder when 283 is divided by w(-5).
22
Suppose -4*d - 12*d - 25*d = -615. What is the remainder when 61 is divided by d?
1
Suppose 2*k + 5*r = 84, k - 91 = -2*k - 4*r. Suppose -7*d + 532 = -3*d. Calculate the remainder when d is divided by k.
14
Let q = -15857 - -15958. Calculate the remainder when 717 is divided by q.
10
Suppose 856*z - 45044 - 94098 - 91122 = 0. Suppose 169 = 3*l - 4*n, -5*n + 27 = 5*l - 243. What is the remainder when z is divided by l?
49
Suppose 3*n + 4 = m, n - 3*n + 23 = 3*m. Suppose -216 - 309 = -m*i. Calculate the remainder when i is divided by 20.
15
Let j be -4*2/28 + (-8992)/(-14). Let m = -589 + j. Calculate the remainder when 161 is divided by m.
2
Suppose -32 = -5*k + 2*f + 193, 3*f = 2*k - 79. Let g be 1/4 + 110/8. Suppose -g*m + 163 = -k. What is the remainder when 73 is divided by m?
13
Let n(z) = -369*z - 1982. Calculate the remainder when 9968 is divided by n(-6).
224
Let f(n) = -n**3 - 9*n**2 + 24*n - 52. Calculate the remainder when f(-12) is divided by 11.
4
Suppose -8*w - 26 = -3*z - 3*w, z - w = 10. Calculate the remainder when 11422 is divided by z.
10
Suppose 0*h = 2*h - f - 672, 4*f = -3*h + 1008. Suppose 5*a + 2*c = 4*c + h, 3*a - 194 = 5*c. Calculate the remainder when a is divided by 12.
8
Let d(h) = -5*h**2 - 96*h + 13. Let m(w) = -w**3 + 14*w**2 - 10*w + 23. What is the remainder when d(-18) is divided by m(13)?
59
Suppose 3*m - 6*u = -u + 20, 5*u = 25. Let c be (0 - 3)/(3/2). What is the remainder when ((-178)/(-3))/(c/(-3)) is divided by m?
14
Let i = -170 - -168. Suppose 0 = -9*v - 6 - 3. Calculate the remainder when 33 is divided by -8*(v/i)/(1/(-3)).
9
Let j = 348 + -332. Let h be (-4 - -40) + -1 - -1. Let b = h - 27. What is the remainder when j is divided by b?
7
Suppose 3*c + 2205 = v, -4*v + 5344 + 3511 = -5*c. What is the remainder when v is divided by 11?
9
Let y(q) = 2*q**2 - 26*q - 24. Suppose -z = 5*n - 205, -5*z - 36 + 11 = 0. Suppose 14 = 4*b - n. What is the remainder when 46 is divided by y(b)?
2
Let j(s) = -18*s**2 - 132*s - 19. What is the remainder when 845 is divided by j(-7)?
17
Suppose 7*c - 2*c = -345. Let o = 128 + c. Suppose 0 = 4*i + 19*w - 34*w + 16*w - 64, -80 = -5*w. Calculate the remainder when o is divided by i.
11
Let q = -4 - -10. Suppose 2*p - 10 = -0. Suppose -10*t = -3*n - 15*t + 6, 0 = -2*n - p*t + 4. Calculate the remainder when q is divided by n.
0
Let p = -26 + 72. Suppose -2*d = 2*d - 44. Suppose -d*n + 23*n - 192 = 0. What is the remainder when p is divided by n?
14
Suppose 4*n + 5*c + 1236 = -626, 5*c = 10. Calculate the remainder when 6 + n/(-8) + 6/4 is divided by 3.
0
Suppose -k + 6 = -3*f, 3*k - 60 = -8*f + 3*f. Suppose -5 = -5*r + 35. Calculate the remainder when k is divided by r.
7
What is the remainder when 1194 is divided by 668/16 - 6*6/(-16)?
6
Let n be 16/(-5*(-8)/2340). Let i = 1012 - n. Calculate the remainder when 527 is divided by i.
71
Suppose -4*t - t - 2*n + 54 = 0, -5*n + 40 = 3*t. Suppose b - 5 = 3*p - 12, 5*p = 2*b + t. What is the remainder when 54 is divided by p?
2
Let l(v) = -11*v**3 + 9*v + 5. Suppose -5*x + 54 = 64. Calculate the remainder when l(x) is divided by 13.
10
Let h = -5213 + 5243. Calculate the remainder when 328 is divided by h.
28
Let c = 3332 + -3275. Calculate the remainder when 2 + 2*(-281)/(-2) is divided by c.
55
Suppose -539*t = -534*t - a - 2426, 0 = -t + 2*a + 478. Calculate the remainder when t is divided by 106.
62
Suppose 3*t = 5*t + 8. Let l be (90/t)/(-3 + (-42)/(-16)). Let p = -48 + l. What is the remainder when 32 is divided by p?
8
Let g be (-117)/(-12) - 9/12. Suppose -3*x - g = 0, 161 = 2*f - 7*x + 2*x. Suppose 1 = d - f. What is the remainder when d is divided by 19?
17
Suppose -6*r - 945 = r. Let a = r - -167. Suppose 3*k - a = 1. Calculate the remainder when k is divided by 6.
5
Calculate the remainder when 494 is divided by (806/195)/31 - (-148)/(-30)*-17.
74
Let z(n) = -90*n - 16*n**2 - 21 + 17*n**2 + 65*n. What is the remainder when 37 is divided by z(26)?
2
Suppose 0 = -5*c + 4*o + 5955, c + 14*o = 15*o + 1190. What is the remainder when c is divided by 57?
55
Suppose -45*f + 406 = -52*f. What is the remainder when 63 is divided by (36/72)/(1*(-1)/f)?
5
Let a = -963 + 1032. Suppose 0 = -a*k + 47*k + 3256. What is the remainder when k is divided by 51?
46
What is the remainder when (-40)/(-180) + (1 - 103448/(-72)) is divided by 37?
32
Suppose 43*p + 595 = 48*p. Let a(m) = 68 + 41*m + 56 - p. What is the remainder when a(2) is divided by 23?
18
Suppose -15 = 5*d - 80. Let m = 101 + -109. What is the remainder when 1/(m - 1005/(-125)) is divided by d?
12
Suppose 0 = -4*t + 2*d + 336 - 122, 0 = 3*t + 2*d - 143. What is the remainder when 305 is divided by t?
50
Suppose 1557*c - 1550*c - 168 = 0. Let g(s) = 11*s - 19. Calculate the remainder when g(9) is divided by c.
8
Let a be ((-13)/(195/290))/(4/(-6)). Suppose 3*z - a - 124 = 4*x, z - 32 = -5*x. Calculate the remainder when z is divided by 19.
9
Let c = -23831 - -26767. What is the remainder when c is divided by 196?
192
Let k = 43998 + -43667. Calculate the remainder when 3281 is divided by k.
302
Suppose 5*z - 506 = 5*i + 579, 4*i = -2*z + 464. What is the remainder when z is divided by 46?
38
Let t be (252/56)/((-1)/(-2)). Suppose t*c + 3775 = 14*c. What is the remainder when c is divided by 54?
53
Suppose 10*j + j - 44 = 0. Suppose -c + 14 = -3*g, c + 6*g - 4*g = 24. Calculate the remainder when (-194*j/8)/(0 + -1) is divided by c.
17
Suppose -68 = -26*w - 50 + 190. What is the remainder when (4/(-12))/(1/(-36)) is divided by w?
4
Let s = 208 - 210. Calculate the remainder when 285 is divided by s/1*(-1312)/64.
39
Suppose -210 = 2114*o - 2156*o. What is the remainder when 205 is divided by o?
0
Let p(u) be the first d